413 a multiple of 127?
True
Is 17172 a multiple of 9?
True
Does 108 divide 25704?
True
Is 19 a factor of 1140?
True
Is 32 a factor of 992?
True
Is 512 a multiple of 32?
True
Is 14 a factor of 854?
True
Is 128 a factor of 58267?
False
Does 38 divide 2591?
False
Is 17 a factor of 5316?
False
Is 70811 a multiple of 13?
True
Is 2 a factor of 25196?
True
Does 11 divide 42414?
False
Does 55 divide 4345?
True
Does 222 divide 4611?
False
Is 766 a multiple of 5?
False
Is 757 a multiple of 3?
False
Is 2482 a multiple of 73?
True
Does 26 divide 520?
True
Does 49 divide 17901?
False
Is 144 a multiple of 16?
True
Is 19 a factor of 35891?
True
Does 4 divide 6?
False
Is 104 a multiple of 13?
True
Is 20 a factor of 1180?
True
Is 134416 a multiple of 248?
True
Does 31 divide 3534?
True
Is 17450 a multiple of 48?
False
Is 976 a multiple of 10?
False
Does 4 divide 6465?
False
Is 7885 a multiple of 19?
True
Is 21 a factor of 3885?
True
Is 31230 a multiple of 30?
True
Is 1999 a multiple of 61?
False
Is 102 a factor of 2244?
True
Does 32 divide 27296?
True
Does 37 divide 1554?
True
Is 18 a factor of 2772?
True
Is 612 a multiple of 51?
True
Does 38 divide 96064?
True
Is 4194 a multiple of 33?
False
Is 28 a factor of 3384?
False
Does 39 divide 23922?
False
Is 1515 a multiple of 101?
True
Is 26157 a multiple of 48?
False
Is 33 a factor of 551?
False
Does 7 divide 301?
True
Does 9 divide 58?
False
Is 4269 a multiple of 15?
False
Does 67 divide 1243?
False
Is 42395 a multiple of 147?
False
Does 45 divide 16228?
False
Does 132 divide 499?
False
Is 15 a factor of 1005?
True
Is 73722 a multiple of 128?
False
Is 1312 a multiple of 8?
True
Is 282 a multiple of 35?
False
Is 26 a factor of 2886?
True
Is 1674 a multiple of 50?
False
Is 11352 a multiple of 33?
True
Does 3 divide 141?
True
Is 40 a factor of 3771?
False
Does 53 divide 4747?
False
Is 13 a factor of 3549?
True
Does 117 divide 25721?
False
Is 21 a factor of 4608?
False
Does 13 divide 728?
True
Is 3 a factor of 11591?
False
Is 4925 a multiple of 158?
False
Is 9 a factor of 10017?
True
Is 26 a factor of 67503?
False
Does 162 divide 72015?
False
Does 27 divide 1204?
False
Is 1010 a multiple of 4?
False
Does 17 divide 13662?
False
Is 11 a factor of 1089?
True
Is 11 a factor of 44?
True
Is 7 a factor of 13377?
True
Is 3313 a multiple of 70?
False
Is 1228 a multiple of 76?
False
Does 6 divide 43620?
True
Does 72 divide 3600?
True
Is 19 a factor of 798?
True
Is 45178 a multiple of 14?
True
Does 75 divide 19125?
True
Does 35 divide 2625?
True
Is 828 a multiple of 18?
True
Does 35 divide 2730?
True
Is 864 a multiple of 54?
True
Is 44 a factor of 4136?
True
Is 12 a factor of 420?
True
Is 13 a factor of 2197?
True
Does 19 divide 874?
True
Is 41 a factor of 9190?
False
Is 6229 a multiple of 2?
False
Does 66 divide 70488?
True
Does 36 divide 1612?
False
Is 2604 a multiple of 62?
True
Is 102 a factor of 1326?
True
Is 6726 a multiple of 11?
False
Is 168 a multiple of 7?
True
Is 61 a factor of 9577?
True
Is 413 a multiple of 59?
True
Does 16 divide 544?
True
Does 25 divide 3222?
False
Does 27 divide 2210?
False
Does 286 divide 48906?
True
Is 4371 a multiple of 141?
True
Is 29 a factor of 1433?
False
Does 53 divide 28355?
True
Does 28 divide 7056?
True
Is 2 a factor of 651?
False
Is 35190 a multiple of 46?
True
Is 836 a multiple of 11?
True
Does 13 divide 923?
True
Does 88 divide 11528?
True
Does 13 divide 6747?
True
Does 309 divide 29355?
True
Is 7 a factor of 1752?
False
Is 3 a factor of 412?
False
Is 2382 a multiple of 18?
False
Is 24 a factor of 655?
False
Is 47 a factor of 4013?
False
Is 5 a factor of 370?
True
Is 397 a multiple of 3?
False
Is 8 a factor of 56?
True
Does 5 divide 1445?
True
Does 147 divide 27489?
True
Is 28462 a multiple of 77?
False
Is 20 a factor of 2996?
False
Does 237 divide 90329?
False
Is 5212 a multiple of 69?
False
Is 990 a multiple of 9?
True
Is 5 a factor of 50?
True
Is 2429 a multiple of 4?
False
Is 21 a factor of 1615?
False
Is 38619 a multiple of 21?
True
Is 54 a multiple of 27?
True
Is 2284 a multiple of 44?
False
Is 162 a multiple of 49?
False
Is 9672 a multiple of 31?
True
Is 236 a multiple of 13?
False
Is 16 a factor of 2032?
True
Is 4511 a multiple of 13?
True
Is 6 a factor of 2148?
True
Does 10 divide 2060?
True
Is 7431 a multiple of 12?
False
Does 213 divide 28755?
True
Is 1453 a multiple of 29?
False
Is 1196 a multiple of 92?
True
Does 5 divide 123?
False
Is 15 a factor of 180?
True
Is 2716 a multiple of 71?
False
Is 20 a factor of 14940?
True
Does 12 divide 2724?
True
Is 3692 a multiple of 17?
False
Does 19 divide 902?
False
Is 21228 a multiple of 18?
False
Does 41 divide 53669?
True
Is 6 a factor of 276?
True
Is 133 a multiple of 19?
True
Is 27 a factor of 747?
False
Is 924 a multiple of 5?
False
Is 4 a factor of 92?
True
Is 47 a factor of 3666?
True
Does 37 divide 1660?
False
Is 32252 a multiple of 11?
True
Is 42 a factor of 1974?
True
Does 10 divide 24520?
True
Is 306 a multiple of 18?
True
Is 2556 a multiple of 12?
True
Is 29 a factor of 728?
False
Does 7 divide 2076?
False
Does 34 divide 1011?
False
Does 45 divide 990?
True
Is 28176 a multiple of 116?
False
Is 107 a factor of 7643?
False
Is 21 a factor of 630?
True
Is 29502 a multiple of 66?
True
Is 14902 a multiple of 71?
False
Is 198 a multiple of 33?
True
Is 9619 a multiple of 7?
False
Is 14 a factor of 5871?
False
Does 30 divide 168090?
True
Is 28302 a multiple of 41?
False
Is 12768 a multiple of 28?
True
Does 87 divide 3654?
True
Is 49 a factor of 3479?
True
Is 70 a factor of 2030?
True
Does 21 divide 9009?
True
Is 75 a factor of 17925?
True
Does 10 divide 3870?
True
Is 2896 a multiple of 13?
False
Does 12 divide 2388?
True
Does 4 divide 323?
False
Does 217 divide 7160?
False
Is 528 a multiple of 11?
True
Is 4450 a multiple of 4?
False
Is 27 a multiple of 3?
True
Is 114094 a multiple of 10?
False
Is 51365 a multiple of 12?
False
Is 102096 a multiple of 16?
True
Is 20 a factor of 49460?
True
Is 1050 a multiple of 53?
False
Does 77 divide 18480?
True
Is 35112 a multiple of 76?
True
Is 14 a factor of 10094?
True
Is 400 a multiple of 45?
False
Is 404 a multiple of 3?
False
Is 65 a multiple of 61?
False
Is 9 a factor of 288?
True
Is 1872 a multiple of 26?
True
Is 30 a factor of 489?
False
Does 24 divide 576?
True
Is 14879 a multiple of 91?
False
Does 14 divide 672?
True
Does 41 divide 4671?
False
Does 2 divide 100?
True
Is 39069 a multiple of 20?
False
Is 70246 a multiple of 11?
True
Does 218 divide 44555?
False
Is 13 a factor of 16445?
True
Is 3172 a multiple of 52?
True
Is 16765 a multiple of 7?
True
Is 685 a multiple of 20?
False
Is 19 a factor of 137426?
False
Does 43 divide 13459?
True
Is 372 a multiple of 44?
False
Does 11 divide 5280?
True
Does 56 divide 49392?
True
Is 185 a factor of 925?
True
Is 34 a factor of 2924?
True
Is 432 a multiple of 12?
True
Is 38 a factor of 12094?
False
Is 90 a factor of 32839?
False
Is 2139 a multiple of 48?
False
Does 18 divide 34?
False
Is 30286 a multiple of 228?
False
Is 45 a factor of 808?
False
Is 79 a factor of 61541?
True
Is 24707 a multiple of 34?
False
Is 18 a factor of 1213?
False
Is 31 a factor of 19158?
True
Is 4305 a multiple of 35?
True
Does 26 divide 260?
True
Is 3 a factor of 1467?
True
Is 29 a factor of 724?
False
Is 413 a multiple of 17?
False
Is 12 a factor of 3756?
True
Does 124 divide 8680?
True
Is 5954 a multiple of 26?
True
Is 8 a factor of 296?
True
Is 31864 a multiple of 14?
True
Is 16 a factor of 39?
False
Is 1008 a multiple of 36?
True
Is 26 a factor of 11989?
False
Is 4 a factor of 752?
True
Is 3160 a multiple of 79?
True
Is 11 a factor of 209?
True
Is 594 even?
True
Is 40 a factor of 1776?
False
Does 44 divide 1848?
True
Is 11 a factor of 23?
False
Is 9 a factor of 43236?
True
Does 16 divide 2010?
False
Is 32 a factor of 5068?
False
Is 118 a factor of 13134?
False
Is 5 a factor of 30?
True
Is 2983 a multiple of 12?
False
Does 133 divide 56088?
False
Does 40 divide 1724?
False
Does 8 divide 1856?
True
Does 24 divide 50371?
False
Is 7 a factor of 1631?
True
Does 217 divide 13786?
False
Is 27 a factor of 243?
True
Does 6 divide 194?
False
Does 93 divide 1427?
False
Does 40 divide 293?
False
Does 12 divide 46516?
False
Does 11 divide 10588?
False
Is 4476 a multiple of